s the remainder when a is divided by 10?
7
Let w = -15 + 23. Let y be (-3)/(-6)*0 - -98 - 2. Suppose 5*d = 2*n + y, 8*n = -5*d + 4*n + 78. What is the remainder when d is divided by w?
2
Let c = -4404 + 4572. Calculate the remainder when c is divided by 4.
0
Let g = -479 - -730. Let r = -243 + g. Suppose 0*z - 3*z + 5 = 5*m, 26 = 4*z - 3*m. Calculate the remainder when r is divided by z.
3
Suppose -2*i + 5*i = -2*n - 334, -4*n = -2*i - 244. Let f = i + 142. What is the remainder when f is divided by 2 - 4/2*-4?
8
Let y = -56 + 64. Suppose -2*h = -2*s + 4, 2*h = y*s - 4*s - 6. What is the remainder when (-2 + 4)*s + 65 is divided by 23?
21
Suppose 2*w = j + 75, -3*w - 68 = -5*j - 170. Calculate the remainder when 43 is divided by w.
4
Suppose -n = -3*v + 3939, -3*v + 5*n + 3603 = -324. What is the remainder when v is divided by 220?
214
Let z be (6/15)/((-5)/(-100)). Suppose 0 = -g + 5*g - z. Suppose 4*q = -4*i + 32, 6*i - 3*i - 48 = -5*q. What is the remainder when q is divided by g?
0
Suppose -295609 - 258136 = -331*c - 169785. What is the remainder when c is divided by 368?
56
Suppose 8 - 24 = 4*o. What is the remainder when (-8)/(-2)*(-35)/o is divided by 27?
8
Suppose -3*o + 253 + 335 = 3*a, 424 = 2*a - 2*o. Let k(q) = -8*q - 3. Calculate the remainder when a is divided by k(-2).
9
Let o(v) = 10*v + 4. Let t be o(8). Suppose 0 = 96*f - 113*f - 646. Let b = f + t. What is the remainder when b is divided by 25?
21
What is the remainder when -6*(46080/(-108) + (6 - -1)) is divided by 97?
93
Suppose 2*h + 1 = -9. Let d be 4/(10/h) + 13. Let s(m) = m. What is the remainder when s(d) is divided by 4?
3
Suppose -d = -15*d + 1120. Suppose -7 = -2*s - o, 0*s - 2*o = -3*s + 21. Suppose 0 = -s*l + 10*l - d. Calculate the remainder when l is divided by 9.
7
Let h(p) = 3*p**3 - 2*p**2 + 9*p - 28. Let w(f) = 2*f + 29. Let r be w(-13). What is the remainder when h(r) is divided by 17?
11
Suppose 6*k - 3*k = 9. Suppose k*z - 6 + 0 = 0. Suppose z*v = 2*q - 14 - 6, -4*q - v = -20. Calculate the remainder when 7 is divided by q.
1
Calculate the remainder when 121/(-4)*-4 - 9 is divided by 32.
16
Suppose -2*r + 3*j - j = 4, -4*r + 32 = 4*j. Suppose -2*z = -r*i - 53 + 3, 92 = 4*z - 2*i. Calculate the remainder when z is divided by 216/60*2/8*10.
4
Suppose 49 = -10*g + 69. Let l(m) = 6*m**3 + m**2 + 1 - m - 4*m - 2*m**3. What is the remainder when l(g) is divided by 6?
3
Suppose -2*t - 1 = 5*y, 2*t = -t + 6. Let f(v) = 23*v + 278. Calculate the remainder when 6*y/(-2)*3 is divided by f(-12).
1
What is the remainder when 776 is divided by (-18)/(-4) - 511125/(-1410)?
42
Let m(b) = b**2 - 5*b - 16. Let y be m(6). Let j(v) = 13*v + 50. What is the remainder when (-2 + 1)/(y/410) is divided by j(-3)?
8
Let f(q) = 3*q + 1. Let p be f(-3). Let i(a) = -a**2 - 20*a + 15 + 21*a - 10*a. What is the remainder when 112 is divided by i(p)?
20
Let x = 2700 - 1328. Suppose 8*l + 1324 = x. Suppose -18 + 63 = u. What is the remainder when u is divided by l?
3
Let b(z) = -3*z**2 + 245*z - 1118. What is the remainder when 427 is divided by b(75)?
45
What is the remainder when (425238/(-60))/(-17) - 5/(-50) is divided by 130?
27
Suppose -313*i + 48*i = 132*i - 14689. What is the remainder when 84*-9*4/(-42) is divided by i?
35
Calculate the remainder when 611 is divided by (-4 - -1)/(((-6)/8)/(27 + -10)).
67
Suppose -98 = -2*h - 3*u, -5*u + 3*u - 108 = -2*h. Let g(m) = 2*m**3 - 13*m**2 - 63*m + 422. What is the remainder when h is divided by g(6)?
4
Let m(u) = -3*u - 68. Calculate the remainder when 227 is divided by m(-29).
18
Suppose 4*v - 3*c - 8813 = 0, 0 = -2*v + 15*c - 14*c + 4409. Calculate the remainder when v is divided by 47.
45
Let m(l) = l**2 - 3*l - 6. Let v be (-26)/(-4) - (-33)/22. Let z(p) = -p**2 + 3*p + 7. What is the remainder when m(v) is divided by z(3)?
6
Let v(u) = 21*u + 128. Let m be v(-6). Let r(i) = 185*i - 34. Calculate the remainder when r(m) is divided by 113.
110
Suppose 14*v - 119 - 42 = 119. Let d be -4 - (-1 + (1 - 0)). What is the remainder when d/(-12) + 448/6 is divided by v?
15
Suppose -2*n = 3*j - 2, 2*n + j + 3 - 1 = 0. Let f(z) = z**2 - 5*z - 7. Calculate the remainder when f(-3) is divided by (8 + n - (2 - 5)) + 2.
6
Suppose 5*w - f = -258 + 1748, 4*w = -4*f + 1192. Calculate the remainder when w is divided by 283.
15
Let s(r) = 2*r**3 + 31*r**2 + 13*r + 4. Suppose -1794 = -16*m + 1294. Calculate the remainder when m is divided by s(-15).
23
Let v be 107 + 49/7 + 0. Let z = -105 + v. What is the remainder when 9 is divided by z?
0
Let m = 1132 - 1817. What is the remainder when 1 + 108 + (-44)/(7 + 4) is divided by m/(-25) + (-2)/5?
24
Let p = -41072 + 41089. Calculate the remainder when 611 is divided by p.
16
Let h(m) = -448*m**2 - 11*m - 10. Let f be h(-1). Let j = -409 - f. Calculate the remainder when 67 is divided by j.
29
Suppose 0 = 5*g - g - 68. Let o(b) = 2*b**2 - 5*b + 27. Let t be (-14)/7 + 1*6. Calculate the remainder when o(t) is divided by g.
5
Let s = 4477 + -4362. Calculate the remainder when 385 is divided by s.
40
Let n(y) = 19*y**3 - 1. What is the remainder when n(1) is divided by -42 - 1666/204*-6?
4
Let f = 1 + 0. Suppose -42*y = -24 - 18. What is the remainder when f is divided by y?
0
Let s(m) = m**3 - 88*m**2 + 167*m + 437. What is the remainder when 10 is divided by s(86)?
3
Suppose -39*c + 2192 = -948 + 761. Calculate the remainder when (4 - 3 - -608)*1 is divided by c.
60
Suppose -2*g = x + g - 7, -5*x + 1 = -2*g. Let j be -30*((2/(-3))/x)/1. Suppose 0 = -5*n + 25 + j. What is the remainder when 44 is divided by n?
8
Let o(g) = -4*g - 16. Let s be o(-6). Suppose -3*j = s - 38. What is the remainder when 16 is divided by j?
6
Let m(n) = 3*n - 66. Let r be m(22). Suppose 2685*l - 2682*l - 879 = r. Calculate the remainder when l is divided by 8.
5
Suppose 2*r = 15 - 11, -3*w - 3*r + 927 = 0. Calculate the remainder when w is divided by 108.
91
Suppose -3*v + 441 = -399. Calculate the remainder when v is divided by (-6)/4*-190*(-4)/(-12).
90
Let d be (-2 + 3 - 1)*(-10 - -11). Let l be 78 + d + 12/4. Suppose 33 - l = -3*j. Calculate the remainder when 45 is divided by j.
13
Let p(w) = -w**3 - w**2 - 2*w + 1. What is the remainder when 16*(126/112)/1 is divided by p(-2)?
0
Let r be (-5)/3 - ((-500)/(-15))/(-5). Suppose 0 = -a + r, -2*n = n - 4*a - 298. Suppose 0 = 2*o - 30 - 14. Calculate the remainder when n is divided by o.
18
Suppose 2*f - 52 = -4*g, 5*f + g - 68 - 62 = 0. Let n be (-2)/8 - (-1 + 1599/(-12)). Let d = 235 - n. Calculate the remainder when d is divided by f.
23
Let j = 377 - 200. Suppose 4*r - 301 = -5*x, -5*x - r + 184 = -120. What is the remainder when j is divided by x?
55
Let i(q) = -q**3 + 20*q**2 + 4*q + 42. Suppose 77 = 4*z - m, -z + 2 = 4*m - 30. What is the remainder when i(z) is divided by 53?
16
Calculate the remainder when 2125 is divided by 242 + 24/(-8) + 6/(-9)*6.
10
Let u(f) = 3*f**3 - 6*f**2. Suppose -86*j + 2814 - 1352 = 0. Calculate the remainder when u(4) is divided by j.
11
Suppose 44 = 5*v - a, -22 = 194*v - 199*v + 3*a. Let z be 1/((-4 - -2)/(-10)). What is the remainder when (-48)/z*(-40)/6 is divided by v?
9
Let m = 29 + -1. Let w = -90760 + 90813. What is the remainder when w is divided by m?
25
Let w(r) = -r**3 + 5*r**2 + 27*r + 7. Let k be w(-6). Suppose -245*x = -k*x - 88. What is the remainder when 38 is divided by x?
16
Suppose 4*r - 9 - 859 = 0. Let i = r - 189. Suppose 2*q = -0*q + 222. Calculate the remainder when q is divided by i.
27
Let u = -3978 - -4033. What is the remainder when 181 is divided by u?
16
Let k = 85 + -31. Let x(t) = -t**3 + 9*t**2 + 13*t - 19. Let o be ((-4)/(-3))/(62/465). Calculate the remainder when k is divided by x(o).
10
Suppose -6*p + 10666 = 9892. What is the remainder when 767 is divided by p?
122
Calculate the remainder when 82 is divided by 79 + 4*4/16.
2
Suppose -28*j + 1834 = -182. What is the remainder when j is divided by 60?
12
Suppose 3*v + 5*s = s + 236, 403 = 5*v - 3*s. Let x = 84 - v. Suppose y + 954 = 5*d, -3*d + x*y + 28 + 541 = 0. Calculate the remainder when d is divided by 24.
23
Let a be (-6)/(-4)*688/258. Let t(r) = 6*r**2 + 4*r - 10. Calculate the remainder when t(a) is divided by 5.
2
Let o(m) = -m**3 - 22*m**2 